
43
What is the value of (0 - 0) + (3 - -15) + -35?
-17
Evaluate (3 - (-3 - (2 + 6))) + (1134 - 1239) - -12.
-79
Calculate -9 - (19 - (-5 + -21)) - 6.
-60
Calculate 113 + (29 + 31 - 169).
4
Evaluate (11 - (3 - -8)) + (2 - 84 - 0) - 12.
-94
Calculate -24 - (-9 - ((1 - 6) + -32 + 39 + -14)).
-27
Calculate 9 - (20 - (40 + -23 + -20)) - 17.
-31
-14 + (-33 - 11 - -91)
33
Calculate -25 + 12 + -15 + 9 + -1.
-20
What is the value of -12 + 16 + (-13 - 1 - (201 + -211)) - 1?
-1
Calculate (35 - 18 - (17 + 0)) + -111 + -3 + 4.
-110
Evaluate -2350 + 2495 + -77 + -1.
67
Evaluate (317 - 308) + (-61 - 5).
-57
What is 150 - (19 - (-124 + 12))?
19
What is the value of -6 + (3 + -4 + -6 + 8 + 7 - -32)?
34
What is the value of (1490 - 1490) + (51 - (-1 - -5))?
47
87 + -136 + 53 + -80
-76
Calculate -60 + (-22 + 19 - -20) - (-3 - -3).
-43
What is the value of 100 - 99 - (-3 + 17) - 16?
-29
What is -4 + 3 + (-3 - 0) - (-95 - -121)?
-30
9 + (81 - 5) + -41
44
What is -281 + 296 + (20 - (-4 - -7))?
32
What is the value of 62 + 104 + (3 - (9 - -22))?
138
What is -16 - (19 + 7 - -46) - -1?
-87
Evaluate 94 + -84 + -6 + (2 - 2) + (13 - 2).
15
Calculate (-54 + 38 + 6 + -3 + 1 - 13) + 6.
-19
What is the value of 19 - (-1 - (22 - (5 + -6 + 12)))?
31
What is the value of (3 - 102) + -69 + (62 - -6)?
-100
Evaluate 2 - 15 - (-11 + 19 + -9 + 0 + -4).
-8
Evaluate -20 + (-25 - (-37 - (1 + -24))).
-31
What is the value of -133 + (-157 + 72 - -129)?
-89
What is 1 - -31 - 29 - 0?
3
What is 17 + (67 + -101 - -37)?
20
What is the value of (-1 - -12) + (7 - (-22 + 34)) + -6 + -30?
-30
Evaluate (-16 - -67) + -16 - (6 + 21).
8
What is the value of -5 + 8 + -3 + (2 - -22 - 51)?
-27
What is (72 - 26) + -73 - -15?
-12
What is the value of 3 + 6 + 16 - 16 - (44 + (-2 - -1))?
-34
Evaluate -19 + (-1 - ((21 - 18) + 41)).
-64
Calculate (24 - 92) + 65 + 44 + -1 + 4.
44
What is the value of (-17 - (-47 - -12)) + -21 + (-17 - -95)?
75
What is 39 - (-18 + 17) - (28 - 1)?
13
What is the value of (-17 - 44) + (-15 - -10) + (-3 - -2) + 3?
-64
Calculate -161 + (36 - (-35 + 11 + 28)).
-129
What is the value of 77 + -78 - (6 + 3 - 51)?
41
What is the value of 1 + -7 + 136 + -72 + -86?
-28
Calculate -710 + 721 + (0 - 26) + -4.
-19
Evaluate -53 + (28 - -19) + -28.
-34
What is 58 - ((13 - 5) + 16)?
34
What is 96 - 54 - 49 - -62?
55
What is the value of 106 + (-19 - (0 - 24))?
111
Evaluate 11 - (-3 - (-7 - (13 - (8 + -48)))).
-46
-88 - (1 - ((-14 - -1) + -2 + 2))
-102
-78 - -8 - -3 - (-153 + 131)
-45
What is 23 + 46 + (-10 - 11) + -19?
29
Calculate -2 + 48 - (-114 - -117) - -15.
58
What is 81 + (-18 - -12) - (-6 - (4 + -11)) - 10?
64
What is -22 + -1 + (-646 - -663)?
-6
Evaluate 4 - -8 - (-242 - -289).
-35
Calculate (-51 + 9 - -7) + 45 + -61 + 28.
-23
What is -43 + 15 + 35 + -27?
-20
What is the value of -11 + 5 + -6 - (334 + -402)?
56
Evaluate (-57 - -17 - 93) + 55.
-78
Calculate 5 - -3 - ((3 - 4) + 148 + -61).
-78
Calculate (32 - (24 + 1)) + (-3 - 14) - 41.
-51
5 - (0 + -16 - (40 - 7 - 25)) - 9
20
22 - (-39 - (49 + -141))
-31
-34 - (62 + -63 - 60)
27
What is the value of 24 + (18 - 45) + -42?
-45
82 + (-3 + 3 + -13 + 0 - (-3978 + 3974))
73
What is the value of -59 + 47 + (21 + -3 + -3 - 9)?
-6
Calculate 1 + (-6 - -8 - (40 + -12)).
-25
What is the value of (56 - (62 - -33)) + 55?
16
What is 15 - (7 + -72) - 35?
45
-6 - -19 - (5 + 5 + -13 - -7)
9
Calculate 52 + -21 + -17 + 74 + (6 - 7).
87
What is -18 - (-7 - (3 + (-40 - -31) + (3 - 2)))?
-16
What is the value of -10 + 3 + -5 + (10 - 7 - 4) + -25?
-38
Calculate -30 + (-61 - -109) + -30 + -2.
-14
Evaluate 89 + (4 + -11 + (5 - 5) + -8 - -19).
93
Calculate -9 + (-22 - (15 + -28) - -21).
3
What is the value of 8 + -11 + 75 + 1 + 47 + -40 + -1?
79
What is (-26 + 63 - 1) + -81?
-45
What is -32 - (-9 + -13 + -20 + 55)?
-45
What is -58 - (-266 + 274 + -23 + 2)?
-45
What is the value of 143 - (76 + -73 - -76)?
64
Evaluate (155 - 74) + (-40 - (-7 + -5)).
53
What is 1 + 90 - (-4091 + 4092)?
90
Evaluate -61 - (-23 - -7) - (0 - (9 - -1)).
-35
(27 - -33 - 60) + (-4 - 2) + -1 + 26
19
Evaluate -43 + (19 - (15 + -32)) + (-1 - 32 - 1).
-41
Evaluate -6 - (20 - (21 + -27)).
-32
Calculate 6 + (-25 - -53) - 9.
25
Calculate 65 - (-16 - (-1 + -35 + 5 - -11)).
61
What is 35 - (105 - 6) - (-15 + 1)?
-50
Evaluate 53 + (-21 - 23) + -129 + 1.
-119
What is (-126 - -7) + 210 - 136?
-45
Calculate 90 - ((7 - 2) + -1022 + 1009).
98
Calculate -92 + (1 - 1) - (4776 + -4778).
-90
What is (14 + -20 + 13 - (-4 + 16)) + -97?
-102
What is the value of 9 + (-19 - -48) + -19 + 4 + 13?
36
Evaluate (-8 - -1 - (3 - 13)) + -4 + 7 - 25.
-19
Evaluate -1 + 0 + (-3 - (-2 + -48)) + (-7 - -2).
41
Calculate (-3 + -16 - 1 - (-11 + 24)) + -8.
-41
What is (-1 - 0) + -80 + (3469 - 3461)?
-73
Calculate 3 + (2 - 3) + 5 + -2 - (266 - 272).
11
Evaluate 129 + -132 + 108 + (0 - -9).
114
Calculate -172 + 65 + (47 - 6).
-66
60 - -6 - ((-19 - -47) + -21)
59
Evaluate (-10 - (-6 + (-13 - -12) + -11)) + (4 - -45).
57
What is -145 - (-60 + 20) - -53?
-52
Evaluate -45 - ((-39 - -144) + -65).
-85
What is the value of -1 + 0 - -11 - ((85 - 24) + -69)?
18
What is the value of -115 + -544 + 553 + (1 - -31)?
-74
What is (1 + -2 - (-33 - -34) - (19 - 16)) + -103?
-108
What is the value of -4 + 0 + 91 + (43 - (12 - -11) - 38)?
69
(2 - -8) + -11 - (-17 - (11 + -9))
18
Evaluate -78 + 7 + -13 + 62.
-22
Calculate 60 - (189 + -215 - (-16 - -3)).
73
Evaluate -2 - -2 - (-50 - (-3 - (-3 - 21)) - -8).
63
Evaluate 1 - -26 - (-17 - 10 - (-2 - 16)).
36
What is the value of 0 - (34 - 54 - -49)?
-29
What is the value of 2 + -20 - (11 - (19 - (50 - 39)))?
-21
Evaluate (-1 + -2 - (12 + -9 + 5)) + 1 + -9.
-19
What is (-3 - -21) + -19 + (114 - 151)?
-38
Evaluate -56 - -53 - (-9 + 15 - -58).
-67
2018 + -1998 - (29 - 1)
-8
-632 + 609 - (2 - 12)
-13
What is the value of 5 - ((8 + -1 + 0 - 17) + -39 + 73)?
-19
Evaluate (-2 - (27 + -9)) + (2 - (5 - 10)).
-13
Evaluate 37 - 4 - (618 - 550).
-35
(49 + -40 - (3 + 1)) + -12 + -56 + -3
-66
Evaluate ((-16 - -7) + 4 - -8) + 6 + -5 + -2.
2
What is the value of 32 - (-2 + -15 + 9) - (2 + -2 + -1)?
41
What is the value of -54 + -21 + -28 + 61 + -60?
-102
Evaluate -3 + (-33 - -16) + 8 + -19.
-31
Evaluate -24 + (3 - (-5 - -4)) - (12 + -123).
91
-1 + -4 - ((8 - 21) + (10 - 23))
21
Evaluate -16 + 8 + -4 - (-19 - (-50 - 5)).
-48
Evaluate (-6 - 1) + 18 + -24 + (-8 - 39).
-60
What is the value of -8 + (-19 - -16) + -1 + 7 + 14 + -20?
-11
Evaluate -15 + -22 + 24 + -27 + 65.
25
Evaluate (20 - (-5 - -23)) + (-14 - 0) - -64.
52
What is the value of 5 + (2 - 4) + -23 + 17 + -4 + -3?
-10
7 + (-17 - (-4 + 1)) + -71 + 151 + -156
-83
-16 - ((-1 - 72) + 326 + -307)
38
What is the value of (216 - 200) + (-7 - 3 - 55)?
-49
What is -158 - -113 - (0 - 1 - (1 - 21))?
-64
What is the value of -62 + (-22 - (27 + -19 - 45))?
-47
-1 + (23 - 14) + 22 - -9
39
Calculate -122 + (91 - 31) - -63.
1
What is (6 + -2 + 1 - (619 + -618)) + -78 + 9?
-65
Evaluate 3760 + -3819 - (1 - 18).
-42
(-44 - (65 + -88)) + (63 - 1)
41
Evaluate (26 - (27 + -9)) + -12 - 3.
-7
-8 - (9 - (-14 + (1 + -14 - 1)))
-45
-15 - (-53 + -86) - 47
77
What is the value of -19 - 6 - (-16 - -33)?
-42
Evaluate (1 - (-1 - 117)) + (76 - 1 - (3813 + -3724)).
105
(-4 - 5) + 37 - (5 + -1 + 2) - -8
30
(-46 - -32) + (-6 - -10) + (-6 - -2) + 11
-3
4 - -65 - (0 + 7 - (195 + -202))
55
Evaluate 26 + -189 + 93 + -26.
-96
Evaluate 2 - (15 - (-1 - 11)) - 18.
-43
Evaluate -98 - (-93 + 67 + -30).
-42
What is 4468 - 4514 - (0 - 73)?
27
Calculate -12 - -62 - (-6 + 42) - -107.
121
(-123 + 106 - (3 - 31)) + -69
-58
(11 - 13) + (32 + 148 - 57)
121
Calculate (-7 - -35 - 10) + -3 + 20 + -11.
24
What is -2 - -6 - 6 - (16 - 38)?
20
What is (22 - 1) + (1390 + -1425 - (2 - 48))?
32
Evaluate -19 - (29 - (102 + 4)).
58
Evaluate 3 + -41 - -48 - 41.
-31
What is (-68 - (17 - 72) - (-8 - 1)) + -55 + 0?
-59
Evaluate -12 + 1 - (-2 - ((1 - 29 - -21) + 14)).
-2
Calculate 27 + -54 + -52 + 71.
-8
What is -2391 + 2366 + -1 + -1?
-27
What is 9 - -4 - (-9 + -65 - -169)?
-82
What is -65 + (-3 - -6) - ((-46 - -3) + (-134 - -164))?
-49
(11 - -111) + 3 + -19 + 9 + 19
134
What is -23 + -10 + -17 + 5 + 8 + 9?
-28
Evaluate 45 + (-17 - 0) - 64.
-36
Calculate 628 + -623 - (-1 + 3 - (15 + -4 + -62)).
-48
49 - (-4 + -30) - (12 - -2)
69